= -j*r + 3*r. Suppose 3*g - 6 = r, -4*g + 10 + 7 = x. What are the prime factors of x?
3
Suppose -3*a - 171 = -4*a + 3*v, a - 173 = v. What are the prime factors of a?
2, 3, 29
Suppose -3*r = r - 84. Let i = r - -10. List the prime factors of i.
31
Let c be (-42)/(-4)*(-4)/(-6). Suppose -5*b = -c*b + 36. List the prime factors of b.
2, 3
Let w = 6 - -56. List the prime factors of w.
2, 31
Let h(r) = -r - 7 - 3*r - 3 + 4. Let x be h(-4). Let a = 19 - x. What are the prime factors of a?
3
Suppose -2*k - 2*k - 5*q - 181 = 0, 3*k = 4*q - 97. Let m = k - -59. List the prime factors of m.
2, 5
Suppose 0 = -i - 4, r - 6 - 2 = i. Suppose -w + q = -5, -5*w + 3*q - 14 + 49 = 0. Suppose 0 = r*p - w - 78. What are the prime factors of p?
2, 11
What are the prime factors of (4 - -14)*(-8)/(-6)?
2, 3
Suppose 3*q + 101 = 4*z, -z + 92 = 2*z + q. Suppose z = -4*b + 129. List the prime factors of b.
5
Suppose -5*i + 14 = -3*h + 111, 5 = 5*i. What are the prime factors of h?
2, 17
Let t be (-34)/4 - (-2)/(-4). Let b = t + 14. Let k(m) = 2*m - 4. What are the prime factors of k(b)?
2, 3
Let g(m) = -m**2 - 6*m - 11. Let r(y) = y**2 - y. Let p(d) = g(d) + 2*r(d). What are the prime factors of p(10)?
3
Let z(t) be the second derivative of t**4/12 - 13*t**3/6 - t**2/2 + 3*t. Let y be z(13). Let j(d) = -6*d**3 - d**2 + d + 1. List the prime factors of j(y).
5
Let g be 0 + -2 + 3*-1. Let x(c) = -c - 2. What are the prime factors of x(g)?
3
List the prime factors of 20*(2 - 1)*21/4.
3, 5, 7
Suppose -4*a - 17 = -121. Let t = a + -36. List the prime factors of (-66)/(-10) + (-4)/t.
7
Let m = 4 - 2. What are the prime factors of m + 2 + 1 + -2?
3
Let c(x) = x**2 - 18*x - 17. What are the prime factors of c(19)?
2
Suppose 0 = -3*x + 3 + 3. Suppose x*r = 69 + 35. List the prime factors of r.
2, 13
Suppose 3*x - 3 = -0*x. Let a be 1*(0 - (x + -2)). List the prime factors of 0/4 + a*3.
3
Suppose 6*o = 3*o - 12. Let s(a) = -a**2 - 3*a - 5. Let c be s(o). Let k = 9 - c. What are the prime factors of k?
2, 3
Suppose d - 42 = 3*v, -4*d - 4*v + 14 = -3*d. Suppose -y + 3*y = d. What are the prime factors of y?
3, 5
Let r = 8 + -2. Let f = r + 5. What are the prime factors of f?
11
Let c(r) = 11*r - 7. Let s = 0 + 3. What are the prime factors of c(s)?
2, 13
Let r = 11 - 7. Let m = r + -2. Suppose m*b + h - 2 = -h, 2*b = -h + 7. List the prime factors of b.
2, 3
Suppose 0 = 4*a + 3*g + 7, -2*g - 29 = -2*a + 3*g. What are the prime factors of (6/(-1))/(a/(-3))?
3
Let m = 3 - -2. Suppose 0 = s - 4*d - 14, 6*d = s + 5*d - m. Suppose -4*y = -50 + s. What are the prime factors of y?
2, 3
Suppose -286 = -4*x + 2*u, x + 2*u - 152 = -x. What are the prime factors of x?
73
Suppose -12 = -4*s - 0. Let x(q) = -1 + q + 5*q - 2*q - s*q. List the prime factors of x(6).
5
Let r(w) = -w**2 + 7*w + 25. What are the prime factors of r(9)?
7
Let y(t) = t**2 - 4*t - 1. Let n be y(5). Suppose -3*d + 4*f - 2 = 0, -2*f - 20 = -d - n*d. List the prime factors of d.
2, 3
Let z be 2 + (1/1 - 0). Suppose -3*i - 3*q = -0*i - 15, -5*q = z*i - 17. List the prime factors of i.
2
Let t = -87 - -132. What are the prime factors of t?
3, 5
Suppose 0 = -w - 3, -2*t - 2*w = 2*w. Suppose 2*r = -0*r + t. Suppose r*b = 6*b - 54. List the prime factors of b.
2, 3
Suppose -3*b = -v - 382, -134 = -b + 4*v - 2*v. List the prime factors of b.
2, 3, 7
Let i be (-72)/(-2) + 4 + -4. Suppose 0*n = 4*n - i. List the prime factors of n.
3
Let n = 432 + -36. What are the prime factors of n?
2, 3, 11
Suppose 0 = 5*w - 175 - 245. List the prime factors of (1/3)/(2/w).
2, 7
Suppose -2 = m + 5*i - 4, 0 = -3*m + 3*i - 12. What are the prime factors of (-15)/(-9) + (-1)/m?
2
Let y = -2 - 0. Suppose -2*z + 5*h = -3*z + 3, -2*z + 3*h - 33 = 0. Let v = y - z. List the prime factors of v.
2, 5
Suppose 29 = 2*x - 5*j, 6*x + 4*j = x + 155. What are the prime factors of x?
3
Let p = 3 + 0. Suppose p*q + 3*f - 40 = 17, 4*f = -5*q + 94. List the prime factors of q.
2, 3
Let d(v) = 2*v + 10. What are the prime factors of d(9)?
2, 7
Suppose 6*j - 3*j = -3. Let p be 3/((-9)/(-30)) + j. List the prime factors of (-3)/2*(-24)/p.
2
Let w(s) = -s**3 + 7*s**2 - 5*s - 7. Let j be w(6). What are the prime factors of (j + -2)*3*-2?
2, 3
Suppose 27 = 6*j - 453. List the prime factors of j.
2, 5
Suppose -7 = -5*a + 43. List the prime factors of a.
2, 5
Suppose 4*c - 100 - 144 = 0. List the prime factors of c.
61
Suppose i + i - 16 = -b, 5*i = -2*b + 38. Suppose i = 3*y - 0. What are the prime factors of y?
2
Let o(d) = -d**3 + 6*d**2 + 8*d + 3. Let n(u) = -u - 3. Let i be n(-10). List the prime factors of o(i).
2, 5
Suppose 5*j = -14 + 94. Suppose -u - 1 = 3*b, 4*b + 0*b + 5*u = -j. List the prime factors of 4*(2 - 0 - b).
2
Let d be (-64)/(-11) - 4/(-22). Let f(q) = q**2 - 4*q - 4. What are the prime factors of f(d)?
2
Suppose 0 = v - 2 - 18. List the prime factors of v.
2, 5
Suppose a - 2*a + 46 = 2*b, -5*a - 3*b = -223. Suppose -a = -2*u - 2*u. What are the prime factors of u?
11
Let y(b) be the third derivative of -b**6/120 + b**5/10 - b**4/6 - b**3/6 - 4*b**2. Let o be y(5). Suppose -5*n - o = -54. List the prime factors of n.
2, 5
Let a be (-1 + 0)*(-3 - 0). List the prime factors of -1 + a + -1 + 14.
3, 5
Suppose -l - 132 = -4*c + 3*l, 3*c = -l + 119. What are the prime factors of c?
2, 19
Let m = -496 - -723. What are the prime factors of m?
227
Let u be ((-1818)/27)/((-2)/3). Suppose 286 - u = 5*x. What are the prime factors of x?
37
Let k(q) be the first derivative of -q**2 - 11*q + 2. Let i be k(-8). Suppose -2*s + i*t + 28 = 0, -2*t + 32 = 7*s - 3*s. List the prime factors of s.
3
Let p(l) = -l**2 - 22*l - 7. List the prime factors of p(-9).
2, 5, 11
Suppose -5*o - 4 + 0 = -3*r, -3*r = 4*o - 13. Suppose 0 = -5*b - n + 26, o = b + 3*n - 7. List the prime factors of b.
5
What are the prime factors of (-45)/(-6)*(1 - -5)?
3, 5
Let k(r) = 2*r - 8. Suppose 2*z = 4*z - 16. What are the prime factors of k(z)?
2
Suppose 3*s + 5*j = -0 - 14, 2*s + j = 0. Suppose -3*v + 24 = -2*v + 4*f, 0 = -2*v + s*f + 28. List the prime factors of v.
2
Let l(j) = -j + 9. Let s be l(7). Let i be 7/2 - (-3)/s. Suppose 5*r + i*n - 42 = 2*r, r - 14 = -n. What are the prime factors of r?
2, 7
Let x(p) = -3*p + 1. Suppose 0 = 5*j - 0 + 5. Let h(u) = -u. Let c(i) = j*x(i) - 6*h(i). What are the prime factors of c(1)?
2
Suppose 0 = -2*u + 1 + 19. Suppose 2*o = 4*o - u. List the prime factors of o.
5
Suppose 153 + 21 = 2*o. What are the prime factors of o?
3, 29
Let z(n) be the second derivative of -1/2*n**2 + 0 + 7/6*n**3 + n. List the prime factors of z(1).
2, 3
Suppose -3*n = n - 3*g - 222, g = -n + 59. What are the prime factors of n?
3, 19
Let q = 7 - -9. What are the prime factors of q?
2
Let h = 1 - -80. What are the prime factors of h?
3
Suppose -4*h + 1254 = 5*n + 3930, -2*h + 2*n = 1320. What are the prime factors of (-2)/(-3) - h/12?
2, 7
Let p(h) = -h**3 + 5*h**2 - 17*h + 5. Let i(u) = -u**2 - 1. Let n(t) = 4*i(t) - p(t). List the prime factors of n(7).
2, 3
Let t = -6 + 22. Let z(m) = 5*m - 6. Let v be z(6). Let j = v - t. What are the prime factors of j?
2
Let a = 4 + -1. Suppose -7*q - 30 = -5*n - 2*q, -2*n + 4*q = -18. Suppose a*p - 2 = 3*b - 5, -n*p + 2*b = 0. List the prime factors of p.
2
Suppose -10 = 5*n, 5*m - 3*n + 2*n = 32. Let j be (-2 - 0)/(m/9). What are the prime factors of (-2)/j - 88/(-12)?
2
Suppose 110 = 3*b + 2*j, -24 = -4*b - j + 131. Suppose 0 = -3*w - 2*g + b, 2*g + 0*g + 88 = 5*w. What are the prime factors of w?
2
What are the prime factors of (-92)/(-3) + 4/(-6)?
2, 3, 5
Suppose 2*a - 23 = 7. Suppose 0 = 2*v + 10, 2*h = v - 4*v - a. Suppose 4*g - s - 63 = -h*g, -4*s + 71 = 3*g. What are the prime factors of g?
17
Let a = 18 - 10. Suppose 5*x = 7 + a. Suppose 2*y + 2*y + 3*b - 16 = 0, 0 = x*b + 12. What are the prime factors of y?
7
Suppose 3*j - 2*j - 16 = 3*l, 0 = -2*j + 3*l + 41. List the prime factors of j.
5
Suppose -13*i + 881 = -926. What are the prime factors of i?
139
Let z be 4/6*3/(-2). Let i be (0 + z)*-1 - -5. Let y(u) = u**2 - 6*u + 6. What are the prime factors of y(i)?
2, 3
Suppose -x = -2*x. Let p be 2 - x - (6 + 1). Let z(g) = -g**2 - 10*g - 7. List the prime factors of z(p).
2, 3
Suppose 0 = -4*y + 5*a + 4 + 18, 3*y - 2*a 